-7 + 1 - (49 - 62) - -3.
10
Evaluate (-1 + 0 - 0) + 2 - 3.
-2
Evaluate -2 + 3 + (-1 - 2 - 1).
-3
Calculate (3 - (7 + -12)) + (-9 - -8).
7
What is 0 + 8 + (1 + 0 - 5)?
4
Evaluate 8 - (4 - -1) - 4.
-1
Evaluate (2 - 2) + (-2 - -3).
1
Evaluate -3 + 2 + (4 - 0).
3
Evaluate (-2 - -1 - 3) + -1.
-5
Evaluate -2 - -3 - 6 - -5.
0
Evaluate (0 - 5) + 2 + 2.
-1
-3 - (-3 + 4 - 7)
3
Calculate 40 + -40 + (1 - 5).
-4
What is the value of (-5 - (-5 + (4 - -2))) + 10?
4
Calculate (4 + -5 - -1) + -4.
-4
Evaluate -5 + -3 + (-3 - -7).
-4
What is -2 - (9 + -3 + 1 + -11)?
2
-3 - (-10 - (-6 + 1))
2
What is the value of 6 + -12 + (4 - 9) + 5?
-6
What is the value of 0 - ((6 - 2) + -1 + 2)?
-5
Calculate 4 - (-1 - (-5 + 7) - -3).
4
(6 - (4 - 2)) + -4
0
What is the value of -11 + (5 - (7 + -11))?
-2
What is the value of (4 - 3) + 3 + -2 + 0?
2
What is the value of 3 + (-2 - -5) + -1 + -4?
1
What is the value of -8 - (-2 - 4 - 3)?
1
What is -6 + (-5 - 3 - -17)?
3
(-10 - -8) + (19 - 7)
10
Calculate (12 - (12 + -6)) + -5.
1
-7 + (5 - -9) + -10
-3
What is (0 - -3) + 1 + -2?
2
Evaluate 8 + -2 - 7 - -2 - -7.
8
What is -2 - (-1 - 0) - 1?
-2
Calculate 5 + -2 - (4 - 5 - -3).
1
Evaluate -4 - 2 - (-8 - -4).
-2
What is the value of 1 + 0 + (-3 + 7 - -1)?
6
What is -2 + (10 - (7 - 1 - 4))?
6
1 + (2 + -3 + -3 - -1)
-2
What is -7 - ((10 - 25) + 6)?
2
Calculate 68 + -63 + (1 - 1).
5
Calculate 5 + 10 - 4 - 10.
1
Evaluate -1 + 4 - (1 - (3 + -2)).
3
Evaluate 4 + -2 + (34 - 42).
-6
Calculate 5 + -2 + 2 + -3.
2
What is (13 + -7 - 6) + 4 + -1?
3
2 + -6 - ((-4 - -3) + -2)
-1
Calculate -8 - (7 - 1 - 20).
6
Evaluate -1 + 10 + -3 + (-1 - 0).
5
-4 + 3 + 0 + 5
4
Calculate 2 + 1 + 3 + 1 + -5.
2
Evaluate -2 + (5 - -2 - 5 - 4).
-4
(-1 - (0 + -1)) + -3
-3
What is the value of 6 + (4 - (6 + -2) - 1)?
5
What is -8 - (-24 + 14 + 2 + 3)?
-3
Calculate (-21 - (-51 + 24)) + 1 + -14.
-7
What is the value of 4 + -2 + -7 + 2 + 3?
0
Calculate 6 + -8 + 5 + -2.
1
Evaluate 3 - (-5 - (-5 + -2)) - 2.
-1
Calculate -1 + 3 + -2 + -1.
-1
26 + -20 - (0 - -1) - 12
-7
What is 23 + -15 + -1 + -5?
2
Evaluate 4 + (-8 - -3 - 0).
-1
What is the value of 0 - -2 - (-14 + 5 - -13)?
-2
Evaluate (-1 - -3) + (3 + 0 - 3).
2
What is the value of 1 - (13 + 4 - 10)?
-6
What is 28 - 31 - (0 + 1) - -4?
0
Evaluate (-16 - -12) + 16 + -9.
3
What is the value of -3 - (5 + 6 + -6)?
-8
-15 - -15 - (-1 + 6)
-5
Evaluate ((0 - -4) + 3 - 3) + -1.
3
Evaluate (2 - 0) + -4 + (44 - 39).
3
(3 - 4) + -1 + -1 + -4
-7
What is the value of 5 + (2 - 1 - -2) + 0?
8
-5 + (14 - 10 - (2 - 6))
3
What is (5 + -4 - 6) + (2 - -5)?
2
Evaluate -3 - (5 + -4 - (0 - -9)).
5
-7 - -5 - 2 - -3
-1
(-2 - (-2 + 1)) + -3
-4
Evaluate -3 - ((-3 - 0) + (12 - 15)).
3
Evaluate 0 + -2 - (-2 - -4 - -1).
-5
What is (9 + -9 - -6) + -2?
4
-5 + (-5 + 2 - -3)
-5
What is the value of 3 - (-4 + -1 + (3 - -1))?
4
What is -2 + (-4 - 4) - -7?
-3
Evaluate (-1 - (6 + 2)) + 10.
1
What is (-2 - 0) + -2 + -1?
-5
Calculate 6 - (2 + 4 + -4).
4
Evaluate -1 + 2 + 2 + -1.
2
(7 - -2) + (-21 - -18)
6
-1 + (4 - 2 - 1)
0
(-1 - (3 - 9)) + -10
-5
Evaluate -2 - (-2 - (1 - 3)).
-2
Evaluate (-27 - -10 - -6) + 6 + 0.
-5
What is 17 - 10 - (2 + 1)?
4
Evaluate -2 + 3 + -12 + 6.
-5
(-1 - 7) + (17 - (7 + 5))
-3
What is (1 - 5) + -5 + 5 + 2?
-2
What is the value of (-5 - (6 + -9)) + (-5 - -1)?
-6
Calculate -2 - (-5 - (-3 + -3)) - -2.
-1
Evaluate 1 + -1 - (-1 + -6 + 6).
1
What is 6 + (-7 - -2) + -6?
-5
What is -3 + (4 - 2) - 1 - -6?
4
What is the value of 5 + -1 + -7 + 7 + 2?
6
What is the value of (9 - -1) + -11 + (-1 - 2)?
-4
What is 0 + -2 + (-1 + 0 - -1)?
-2
What is the value of -43 - -42 - (-2 - (0 + 2))?
3
Evaluate (3 - -1) + (9 - 9) - 2.
2
-10 + 3 + (14 - 3)
4
Calculate (4 - 2) + -4 + 0 + 1.
-1
Evaluate (-2 - 3) + 8 + -4.
-1
What is (3 + 0 - 2) + -4?
-3
1 - ((0 - 5) + (1 - -2))
3
Calculate -9 + (2 - -8) - -5.
6
What is the value of -2 + 1 - (-8 - (-6 + 2))?
3
What is 1 - (22 + -7 + -1) - -3?
-10
What is the value of (2 - 3) + (-1 - -7)?
5
3 + -2 + 4 + -2
3
-6 + 1 + -7 + 15
3
15 + -7 + 3 + -5
6
Evaluate (-1 - (-12 + -6 + 11)) + -1.
5
What is the value of 1 + 8 + -1 + 36 + -39?
5
4 + 0 + 11 + -7
8
What is 2 - (-4 + 1 + (-6 - -5))?
6
(5 + -4 - 0) + (-4 - -2)
-1
What is -3 - (-2 + 0 - -4 - 1)?
-4
Calculate 3 - ((1 + 3 - 1) + 0).
0
3 + -1 + 2 + -2 - 1
1
-71 + 84 - (2 + 1 + 1)
9
Evaluate 1 + (-1 + 4 + -3 - 3).
-2
-11 + (11 - 8) + 5
-3
What is 5 + (-7 - -13) + -6?
5
What is -4 + 12 + 0 + -3?
5
What is the value of -12 + (-3 + 12 - -5)?
2
7 + (1 + -4 - 1)
3
What is -1 + 1 - (-13 - (-5 - 11))?
-3
What is 2 + 1 - (10 + -16 - -5)?
4
What is the value of -3 - (0 + (0 - 5) + 4)?
-2
Evaluate (8 - 9) + -5 + 6.
0
Calculate -4 - (1 + -3) - -6 - 7.
-3
Evaluate -2 - (5 - (-4 - -16 - 6)).
-1
Evaluate (8 - (-1 + 3)) + 20 + -17.
9
Calculate -1 + -2 + (11 + -6 - 3).
-1
Evaluate (2 - 2) + -1 + (10 - 4).
5
Evaluate -8 - -6 - (-3 - -2) - 0.
-1
-2 + (-7 - -18 - 17)
-8
-5 - -2 - (-22 + 24)
-5
What is the value of (-3 - 7) + 8 + -5 + -3?
-10
(4 - 1) + -4 + 3
2
4 - (-5 + 10 - 10) - 3
6
Calculate (2 - 3) + -2 + -1 + -1.
-5
What is the value of 3 - (13 + (-1 + -6 - -2))?
-5
What is the value of -7 - (5 + (-10 - -5) + -3)?
-4
What is 1 - (6 - 4) - (5 + -3)?
-3
Calculate 3 - (3 - 5) - (0 - -2).
3
What is the value of (2 - 0) + (-4 - 1)?
-3
What is 4 - (-5 + 1 + 0)?
8
0 + (2 - (10 - 5))
-3
What is -5 + 0 - (-1 - 3) - -2?
1
Evaluate 1 + 1 + -13 + (18 - 5).
2
Evaluate -5 - (3 - 6) - -3.
1
What is -5 + 6 - (-3 + -1)?
5
What is -3 + (-7 - -12) - 4?
-2
11 - 5 - 0 - 3
3
1 + -3 - (-11 + 4)
5
What is (-7 - -2) + 42 + -42?
-5
Calculate -1 - (1 + -11 + 1).
8
What is 0 + 0 + (-16 - (7 - 13))?
-10
Calculate (-4 - -7) + -2 + 1 - -6.
8
What is the value of -4 - (4 - 7 - 4)?
3
What is (-4 - (5 + -8)) + -5 - -2?
-4
What is the value of 3 - (-1 - -4) - -2?
2
-2 + (3 - 0) - 1
0
Evaluate 1 + (2 - (2 - -5)).
-4
Calculate -14 + 2 + (39 - 36).
-9
Calculate (3 - 2) + (6 - 6).
1
What is -15 + 6 - (-10 - 0)?
1
(5 - (9 - 3)) + -1
-2
Calculate 0 + 1 + -3 + (-5 - -6).
-1
What is the value of (4 - 2) + -8 - (-6 - -3)?
-3
What is (4 - (4 - 2)) + -3 + -1?
-2
Evaluate (5 - 0) + (1 - 4).
2
Calculate -10 + (-4 - -9 - (-1 + 4)).
-8
What is (-12 - -6) + -13 - -11?
-8
-2 + (9 + -5 - 2)
0
Evaluate -4 - -2 - (2 - (2 - 0)).
-2
What is 2 - -2 - 4 - 0?
0
What is the value of 0 + (-1 - (-3 - 0))?
2
What is -7 - (-3 + -3) - (2 + 1)?
-4
4 + 4 + 0 + -1
7
What is (-5 - -7) + -1 - -1?
2
(-2 + -1 - (-34 - -40)) + 4
-5
Evaluate (-2 + 4 - (-2 + 2)) + 1.
3
Evaluate -34 - -33 - (1 + 2).
-4
Calculate 102 + -105 - (1 + 2).
-6
Calculate (-7 - (3 + (4 - 10))) + 7.
3
-3 + (1 - -1) + 0
-1
Calculate (6 - (2 + -4)) + -7.
1
Evaluate 8 + (-1 - 8 - -4).
3
5 + (0 - -3) + -2
6
What is the value of 1 + -8 + 1 + -3?
-9
What is the value of 0 + 5 + -3 + -5?
-3
Calculate 5 - (7 + -2 + 11 + -8).
-3
(-9 - -1) + 25 + -17
0
2 + 2 - (1 - -2)
1
Calculate 2 + 9 + 0 + -19.
-8
What is the value of -6 - (0 - 3 - -4)?
-7
0 + 8 + -4 + -5
-1
Calculate 2 + -10 + 4 + -1.
-5
Calculate 2 - (-13 + 5 + (3 - -2)).
5
Evaluate -6 - ((-6 - -4) + -6 + 3).
-1
Evaluate (-1 - -1) + 2 - 0.
2
Evaluate 3 + (-1 - (-3 - -7)).
-2
What is -1 + 1 + -3 - (-2 + 3)?
-4
(-8 - -3) + (-13 - -12)
-6
Calculate 0 + (-1 - -1 - 1) + -1.
-2
What is the value of 353 + -354 + (-1 - -1) + -1?
-2
What is (3 - (-22 - -6)) + -9?
10
Evaluate 2 - 1 - (10 - 9).
0
Evaluate -2 + 2 + 3 + (8 - 9).
2
Evaluate 0 - ((1 - (-3 + 11)) + 3).
4
Evaluate -1 + -1 + 3 + -6.
-5
Evaluate 7 - (6 + (-9 - -3)).
7
-21 + 26 + 2 + -11
-4
Calculate 6 + 5 + 2 + 4 + -12.
5
Evaluate -14 + (-1 - 4 - (-6 - 5)).
-8
1 + (-6 - (3 + -1 - 5))
-2
Calculate 6 - (10 - 0) - 1.
-5
What is (1 - (-2 - 0)) + 60 + -70?
-7
Evaluate (-1 - -2) + (-5 - (-1 + -2)).
-1
What is the value of (-6 - -12) + (-1 - 0)?
5
What is the value of 1 - (3 - 2) - (9 + -4)?
-5
Evaluate -1 - (-1 + -5 + (10 - 0)).
-5
What is the value of -1 - 1 - (-24 + 20)?
2
What is the value of 5 + (1 - (-4 + 14))?
-4
Calculate -1 + -1 - (6 - 4).
-4
Calculate -1 + -1 + (5 - (6 + -5)).
2
Evaluate -5 + -4 + 3 + 1.
-5
What is 3 - (-2 - -3) - 2 - 3?
-3
What is the value of 10 + -5 - (5 + -2 + 1)?
1
What is the value of -5 + 0 - (-1 - (9 - 12))?
-7
(2 - (-2 - 1)) + -3 - 4
-2
Evaluate (-1 - 6 - -2) + (0 - -2).
-3
Evaluate (-5 - -6) + (-4 - -3 - -1).
1
14 - 